{"id":190,"date":"2025-12-09T18:17:08","date_gmt":"2025-12-09T17:17:08","guid":{"rendered":"https:\/\/hellocolour.pl\/?post_type=product&#038;p=190"},"modified":"2025-12-09T18:39:34","modified_gmt":"2025-12-09T17:39:34","slug":"cyfry","status":"publish","type":"product","link":"https:\/\/hellocolour.pl\/index.php\/product\/cyfry\/","title":{"rendered":"CYFRY"},"content":{"rendered":"<h2><b>CYFRY- plakat + 3 karty pracy<\/b><\/h2>\n<p>Ten zestaw zosta\u0142 stworzony dla nauczycieli, kt\u00f3rzy chc\u0105 po\u0142\u0105czy\u0107 nauk\u0119 cyfr z pierwszym s\u0142ownictwem angielskim. Plakat stanowi \u015bwietne wsparcie do codziennych powt\u00f3rek podczas dy\u017curu, kr\u0119gu lub jako sta\u0142y element \u015bciany edukacyjnej.<\/p>\n<p>Karty pracy pozwalaj\u0105 \u0107wiczy\u0107 liczenie, kolorowanie i kojarzenie s\u0142\u00f3w z obrazkami- rozwijaj\u0105c jednocze\u015bnie logiczne my\u015blenie, motoryk\u0119 ma\u0142\u0105 oraz s\u0142ownictwo. To gotowe materia\u0142y, kt\u00f3re oszcz\u0119dzaj\u0105 czas i idealnie sprawdzaj\u0105 si\u0119 zar\u00f3wno w pracy z ca\u0142\u0105 grup\u0105, jak i indywidualnie.<\/p>\n","protected":false},"excerpt":{"rendered":"<p>CYFRY- plakat + 3 karty pracy Ten zestaw zosta\u0142 stworzony dla nauczycieli, kt\u00f3rzy chc\u0105 po\u0142\u0105czy\u0107 nauk\u0119 cyfr z pierwszym s\u0142ownictwem angielskim. Plakat stanowi \u015bwietne wsparcie do codziennych powt\u00f3rek podczas dy\u017curu, kr\u0119gu lub jako sta\u0142y element \u015bciany edukacyjnej. Karty pracy pozwalaj\u0105 \u0107wiczy\u0107 liczenie, kolorowanie i kojarzenie s\u0142\u00f3w z obrazkami- rozwijaj\u0105c jednocze\u015bnie logiczne my\u015blenie, motoryk\u0119 ma\u0142\u0105 oraz<\/p>\n<div class=\"more-link\">\n             <a href=\"https:\/\/hellocolour.pl\/index.php\/product\/cyfry\/\" class=\"theme-btn\"><span>Czytaj dalej <\/span><i class=\"bi bi-arrow-right\"><\/i><\/a>\n        <\/div>\n","protected":false},"featured_media":192,"template":"","meta":[],"product_brand":[],"product_cat":[21],"product_tag":[],"class_list":{"0":"post-190","1":"product","2":"type-product","3":"status-publish","4":"has-post-thumbnail","6":"product_cat-produkty-cyfrowe","8":"first","9":"instock","10":"downloadable","11":"shipping-taxable","12":"purchasable","13":"product-type-simple"},"jetpack_sharing_enabled":true,"_links":{"self":[{"href":"https:\/\/hellocolour.pl\/index.php\/wp-json\/wp\/v2\/product\/190","targetHints":{"allow":["GET"]}}],"collection":[{"href":"https:\/\/hellocolour.pl\/index.php\/wp-json\/wp\/v2\/product"}],"about":[{"href":"https:\/\/hellocolour.pl\/index.php\/wp-json\/wp\/v2\/types\/product"}],"wp:featuredmedia":[{"embeddable":true,"href":"https:\/\/hellocolour.pl\/index.php\/wp-json\/wp\/v2\/media\/192"}],"wp:attachment":[{"href":"https:\/\/hellocolour.pl\/index.php\/wp-json\/wp\/v2\/media?parent=190"}],"wp:term":[{"taxonomy":"product_brand","embeddable":true,"href":"https:\/\/hellocolour.pl\/index.php\/wp-json\/wp\/v2\/product_brand?post=190"},{"taxonomy":"product_cat","embeddable":true,"href":"https:\/\/hellocolour.pl\/index.php\/wp-json\/wp\/v2\/product_cat?post=190"},{"taxonomy":"product_tag","embeddable":true,"href":"https:\/\/hellocolour.pl\/index.php\/wp-json\/wp\/v2\/product_tag?post=190"}],"curies":[{"name":"wp","href":"https:\/\/api.w.org\/{rel}","templated":true}]}}