{"id":201,"date":"2025-12-09T18:35:49","date_gmt":"2025-12-09T17:35:49","guid":{"rendered":"https:\/\/hellocolour.pl\/?post_type=product&#038;p=201"},"modified":"2025-12-09T18:38:37","modified_gmt":"2025-12-09T17:38:37","slug":"warzywa","status":"publish","type":"product","link":"https:\/\/hellocolour.pl\/index.php\/product\/warzywa\/","title":{"rendered":"WARZYWA"},"content":{"rendered":"<h2><b>Produkt cyfrowy: WARZYWA- plakat + 2 karty pracy<\/b><\/h2>\n<p>Zestaw \u201eWarzywa\u201d to doskona\u0142a pomoc dla nauczycieli przedszkolnych prowadz\u0105cych zaj\u0119cia tematyczne o zdrowym jedzeniu lub sensoryce. Plakat \u015bwietnie wprowadza lub utrwala s\u0142ownictwo, a karty pracy anga\u017cuj\u0105 dzieci w aktywno\u015bci, kt\u00f3re wspieraj\u0105 zapami\u0119tywanie angielskich nazw w spos\u00f3b swobodny i naturalny.<\/p>\n<p>Mo\u017cesz u\u017cy\u0107 ich podczas tygodnia tematycznego, zaj\u0119\u0107 w kuchcikowie, zabaw w sklep lub jako szybkie zadanie na koniec lekcji. Materia\u0142y s\u0105 gotowe do druku- praktyczne, proste i efektowne.<\/p>\n","protected":false},"excerpt":{"rendered":"<p>Produkt cyfrowy: WARZYWA- plakat + 2 karty pracy Zestaw \u201eWarzywa\u201d to doskona\u0142a pomoc dla nauczycieli przedszkolnych prowadz\u0105cych zaj\u0119cia tematyczne o zdrowym jedzeniu lub sensoryce. Plakat \u015bwietnie wprowadza lub utrwala s\u0142ownictwo, a karty pracy anga\u017cuj\u0105 dzieci w aktywno\u015bci, kt\u00f3re wspieraj\u0105 zapami\u0119tywanie angielskich nazw w spos\u00f3b swobodny i naturalny. Mo\u017cesz u\u017cy\u0107 ich podczas tygodnia tematycznego, zaj\u0119\u0107 w<\/p>\n<div class=\"more-link\">\n             <a href=\"https:\/\/hellocolour.pl\/index.php\/product\/warzywa\/\" class=\"theme-btn\"><span>Czytaj dalej <\/span><i class=\"bi bi-arrow-right\"><\/i><\/a>\n        <\/div>\n","protected":false},"featured_media":203,"template":"","meta":[],"product_brand":[],"product_cat":[21],"product_tag":[],"class_list":{"0":"post-201","1":"product","2":"type-product","3":"status-publish","4":"has-post-thumbnail","6":"product_cat-produkty-cyfrowe","8":"first","9":"instock","10":"downloadable","11":"shipping-taxable","12":"purchasable","13":"product-type-simple"},"jetpack_sharing_enabled":true,"_links":{"self":[{"href":"https:\/\/hellocolour.pl\/index.php\/wp-json\/wp\/v2\/product\/201","targetHints":{"allow":["GET"]}}],"collection":[{"href":"https:\/\/hellocolour.pl\/index.php\/wp-json\/wp\/v2\/product"}],"about":[{"href":"https:\/\/hellocolour.pl\/index.php\/wp-json\/wp\/v2\/types\/product"}],"wp:featuredmedia":[{"embeddable":true,"href":"https:\/\/hellocolour.pl\/index.php\/wp-json\/wp\/v2\/media\/203"}],"wp:attachment":[{"href":"https:\/\/hellocolour.pl\/index.php\/wp-json\/wp\/v2\/media?parent=201"}],"wp:term":[{"taxonomy":"product_brand","embeddable":true,"href":"https:\/\/hellocolour.pl\/index.php\/wp-json\/wp\/v2\/product_brand?post=201"},{"taxonomy":"product_cat","embeddable":true,"href":"https:\/\/hellocolour.pl\/index.php\/wp-json\/wp\/v2\/product_cat?post=201"},{"taxonomy":"product_tag","embeddable":true,"href":"https:\/\/hellocolour.pl\/index.php\/wp-json\/wp\/v2\/product_tag?post=201"}],"curies":[{"name":"wp","href":"https:\/\/api.w.org\/{rel}","templated":true}]}}